et a(n) = -g(n) + 3*k(n). What is a(-9)?
18
Let u(p) = 2*p. Suppose 6*z = z - r + 15, -6 = -2*z - 3*r. Suppose -c - 4*s = -z*c + 2, -2*s = -5*c - 3. Calculate u(c).
-2
Let p(s) be the first derivative of -s**4/4 + s**3 - s**2 + 6*s + 12. What is p(3)?
0
Let h(r) = -4*r**2 - 8*r - 3. Let l = 38 + -39. Let o(q) = q**2 + q. Let d(v) = l*h(v) - 6*o(v). Suppose -3*s - z + 7 = 0, -z - 25 = -5*s + 4*z. What is d(s)?
-9
Let n = -1534 + 1523. Let k(i) = -4*i - 5. Give k(n).
39
Suppose -3*p + 0*p + 33 = -4*o, 0 = o - 4*p + 18. Let x be ((-9)/o)/((-6)/(-44)). Let z = x - 9. Let g(w) = w**3 - w**2 + 2*w + 1. What is g(z)?
9
Let d(m) be the first derivative of 3/2*m**2 + 0*m - 13. Determine d(3).
9
Let c = -1741 + 41785/24. Let m(a) be the third derivative of 0*a - c*a**4 - a**3 + 0 + 10*a**2. Calculate m(0).
-6
Let u(s) be the first derivative of -s**4/4 - 4*s**3 - 17*s + 251. What is u(-12)?
-17
Suppose 4 = s + 2*b + 11, -5*s - 7 = 3*b. Let q(n) be the third derivative of -11*n**6/120 + n**5/60 - n**4/12 + n**3/6 - 10*n**2. What is q(s)?
-11
Let f be (-1)/2 + 10/4. Suppose 4*u = 11*u - 14. Let q(t) = 2*t - u + t - t - 4*t. Determine q(f).
-6
Let h(u) be the first derivative of -u**3/3 - 3*u**2 + u + 1. Let z(l) = 3 + 16*l - 30*l + 8*l. Let q be z(1). Calculate h(q).
10
Let w(v) = 43*v - 86*v + 44*v. What is w(-7)?
-7
Let n be (4/6)/(72/108). Let x(q) = 6*q**2 + 2*q - 2. Calculate x(n).
6
Let p be -1 - (-3 - 4/4). Suppose 3*q = -5*m + 321, 6*m - p*q = 2*m + 246. Let k be m/14 - (-3)/(-2). Let w(n) = -n + 4. Give w(k).
1
Suppose -2 - 2 = -g. Let f(k) = -130 - 145 + k**2 - 4*k + 281. Give f(g).
6
Let s(r) be the first derivative of 2*r**3/3 + 2*r**2 - r - 1. Let m(a) = -a**3 - 5*a**2 + 217*a + 1418. Let x be m(-7). Calculate s(x).
5
Let f(j) = -j**2 + 7*j - 2. Let x be f(3). Let i be ((-4)/(-6))/(x/30). Let p(b) = b**2 - 4*b**i - b**3 - 4*b**2 + 0*b**3 - 8. Give p(-7).
-8
Let v be 3/9 - 14/(-3). Let q(g) = -g**2 - 39*g + 7. Let j(w) = -6*w + 1. Let y(x) = -14*j(x) + 2*q(x). Give y(v).
-20
Let h(q) = -4*q**3 - 2*q**2 + 1. Suppose -2 = 2*u + z - 8, -3*z + 12 = 0. Let i be h(u). Let y(c) be the second derivative of -c**3/6 + 136*c. Determine y(i).
5
Let b(s) = -2*s + 1. Let c be 44/6 + 2/3. Let i be (c/(-32))/(1/(-4)). Let n be b(i). Let v(h) = -10*h**2 - h - 1. What is v(n)?
-10
Let h(z) = -2*z - 1. Let y(d) = d. Let n(p) = -2*h(p) - 7*y(p). Determine n(-11).
35
Let v(p) = -p**3 + 5*p**2 + 6. Let y = -1105 + 1110. Calculate v(y).
6
Let f(t) = 2*t**3 + 7*t**2 - 6*t - 3. Let q(l) be the first derivative of l + 1/2*l**2 - 1/3*l**3 - 1/4*l**4 + 1. Let h(j) = -f(j) - 4*q(j). What is h(2)?
7
Let c(r) = -3*r**3 + 2*r**2 + r. Let i(z) = -z**2 + 4*z - 5. Let k be i(2). Let w(j) = -j**3. Let q(p) = k*c(p) + 2*w(p). What is q(-1)?
-2
Let y(o) = 7*o**2 + 10*o - 13. Let m(g) = -g**2 + 4. Let d(c) = 5*m(c) + y(c). What is d(-4)?
-1
Let n(m) = -m**2 + 4 + 90*m + 96*m - 192*m. Determine n(-5).
9
Let q(x) = x**2 - 13*x + 26. Let w be q(11). Let p(a) = -7 + w*a - 4*a**2 + 2*a**2 - 12*a + a**2. Determine p(-5).
8
Let x(t) be the third derivative of 0*t**3 - 1/120*t**6 + 0*t + 0 + 1/12*t**4 - 5*t**2 - 1/120*t**5. Let b(f) be the second derivative of x(f). Calculate b(-1).
5
Let d(j) = 7*j**3 - 9*j**2 - 3*j + 7. Let w(f) = 2*f**3 - f**2 + 1. Let x(h) = d(h) - 4*w(h). Calculate x(-4).
-1
Let c be (3/2)/(2/4). Suppose -c*r - 3 = 6. Let t(k) = -2*k - 5. Let j be t(r). Let o(z) = -4*z**2 - 2*z + 1. Determine o(j).
-5
Suppose 3*n = 3*x - 24, 4*x + 0 - 2 = -2*n. Let w(v) = -v**3 - 6*v**2 - 2*v + 12. What is w(n)?
-3
Let x be -2 - 6/1 - -3. Let f(j) be the second derivative of j**5/20 + j**4/2 + j**3/2 - 5*j**2/2 + 5*j + 3. Calculate f(x).
5
Let b(c) = 3. Let a(f) = -f**2 + 6*f + 2. Let i(w) = a(w) - 2*b(w). Give i(6).
-4
Let w(a) = 22 + 4*a**2 + 6*a**2 + 17*a - 5*a**2. Let q(i) = 2*i**2 + 6*i + 7. Let n(x) = -8*q(x) + 3*w(x). Let f(c) be the first derivative of n(c). Give f(3).
-3
Let v(n) = 28*n - 23*n + 11 - 7*n. Determine v(8).
-5
Let u(q) be the third derivative of -1/120*q**6 + 28*q**2 + 0 - 5/24*q**4 + 2/3*q**3 + 0*q + 1/15*q**5. Let b be (-10)/(-3) - (-2)/(-6). Calculate u(b).
-2
Suppose -n + 2 = -4*j + n, 5*j + 3 = 2*n. Let q(o) = -11*o**2. Give q(j).
-11
Let u(o) be the second derivative of 1/120*o**5 + 5/12*o**4 + 0*o**2 - 1/360*o**6 + 5*o + 0*o**3 + 0. Let n(g) be the third derivative of u(g). Calculate n(4).
-7
Let p(h) = -9*h - 3. Let a be (40/(-6))/(10/(-45)). Let c = a - 32. Give p(c).
15
Let v(j) = -j. Suppose 4*b + 2*z - z = 158, 3*b - 5*z - 130 = 0. Suppose 5*g + b = 5*p, p + 3*g = -3*p - 3. Suppose -p*h - 8 - 4 = 0. Calculate v(h).
4
Suppose v - 5 = -2. Suppose -2*z - 4 = -w, 2*w + 3 = -v*z + 5*w. Let a(n) = -n + 2*n - 2 - 5*n. Give a(z).
10
Let k(a) = 2*a + 2*a**2 - 7*a**2 - 3 + a**3 - a. Suppose p - 15 + 3 = 2*u, -5*u - 32 = -3*p. Suppose 8 = d + p. What is k(d)?
-15
Let h be (-5)/((-5)/2) + 6 + 0. Let w(k) = 2 + 0 - k - h + 5. What is w(-1)?
0
Let f be (-224)/21 - 2/6. Let x = f + 11. Suppose x = 10*j - 8*j. Let p(v) = -v**3 + v**2 - v + 6. Determine p(j).
6
Let v(p) = 2*p + 21. Let s be v(-11). Let j(b) = -5*b**2 + b + 2. Let g(n) = n**2 + n - 1. Let h(d) = s*j(d) - 6*g(d). Determine h(-6).
10
Let f(x) be the third derivative of 0 + 0*x**4 - 26*x**2 - 1/6*x**3 + 0*x + 1/10*x**5. Determine f(-1).
5
Let p(n) = -4*n**2 + 19*n + 18*n + 6 - 31*n + 3*n**2. Give p(8).
-10
Let k(v) be the third derivative of -v**4/4 - v**3/3 - v**2. Let j(b) = -3*b**3 + 2*b - 1. Let r be j(1). Calculate k(r).
10
Let r be 4/12 + 32/(-6). Let q(i) = -2*i**3 - 10*i**2 - 5. Let f be q(r). Let l(c) = -c**2 - 6*c + 6. What is l(f)?
11
Let r(s) = 3*s**2 - 2*s + 2. Let m(v) = -v + 9. Let u be m(15). Let w be -1*(-10 - (u - -2)). Suppose -w = i - 8. Determine r(i).
10
Let m = 229 - 234. Let b(i) = -2 - i**3 - 5 - i - 5*i**2 + 0*i. Determine b(m).
-2
Let m(i) = -i**3 + 4*i**2 + 6*i + 1. Let q(a) = a**3 - 3*a**2 - 7*a. Let n(w) = -3*m(w) - 2*q(w). Calculate n(7).
18
Let s(i) = -6*i - 16 + 7*i + 33 - 10. What is s(-3)?
4
Suppose 33*c = 38*c + 10. Let l be ((-8)/14)/c*7. Let n(k) = -k**2 + 2*k + 2. What is n(l)?
2
Let u(r) = r**2 + 19*r + 76. Let z be u(-14). Let m(w) = w + 2. Let y be m(-2). Let a be (1 + z/(-4))*y. Let j(c) = c - 13. What is j(a)?
-13
Let z(u) = u**3 + 8*u**2 + 8*u - 10. Let l = -1894 + 1887. Give z(l).
-17
Let h(v) = -2*v**2 + 21*v. Let t be h(9). Let o = t - 34. Let c(g) = -g**3 - 7*g**2 - g - 8. Calculate c(o).
-1
Let x(h) = -2*h - 35. Let u(m) = -2*m - 35. Let f(w) = 4*u(w) - 5*x(w). Let o be f(-18). Let i(t) = -2*t**3 - 4*t**3 + 1 + 2*t - t**3. Calculate i(o).
6
Let m(p) = -p - 4. Let r be m(-7). Suppose 0 = -r*h - 0*h + 39. Let v(u) = -10 + 6*u - 6 - 3*u + h. What is v(2)?
3
Suppose -41*b + 44*b + 15 = 0. Let j be 14/2 - (-6 - b). Suppose -3*q - j + 2 = 0. Let m(c) = -c**3 - c**2 + 4*c + 3. Give m(q).
-1
Let x(n) = 21*n**2 - 6*n - 7. Let v be x(-1). Let l be (v/(-70))/(1/(-7)). Let a(d) = -d**2 - 1. Determine a(l).
-5
Let g(a) = -5*a + 2 + 0 + 98*a**2 - 292*a**2 + 95*a**2 + 97*a**2. What is g(-2)?
4
Let g(s) = -s**3 + s. Suppose -4 = 11*b - 12*b. Let v be (11 + -13)*(-2)/b. Calculate g(v).
0
Let j(r) be the first derivative of -r**3/3 - 3*r**2 - 5*r + 2. Suppose 77*o - 80*o - 18 = 0. Let a be j(o). Let x(t) = -t**2 - 2*t + 6. What is x(a)?
-9
Let x(f) = -6*f**2 - 2*f - 35. Let v(i) = -5*i**2 - i - 29. Let c(m) = -5*v(m) + 4*x(m). What is c(2)?
3
Let t(i) = i**2 + 7*i + 10. Let k be 5733/(-936) - 2/(-16). What is t(k)?
4
Let v(n) = -7 - 49*n**3 - 36*n**3 + 13*n**2 - n + 86*n**3. Calculate v(-13).
6
Let s be 1*2/(-4)*(-24)/3. Suppose 2*x - 18 = 4*d, -d + 5*x = s*d + 20. Let b(k) be the third derivative of k**4/12 + k**3/6 - 2*k**2. Give b(d).
-9
Let a(c) = 147*c**2 + 10*c + 16 - c**3 - 132*c**2 - 23*c**2. Calculate a(-9).
7
Suppose -r + 2*m = 4 - 12, 3*r - 3*m = 12. Suppose 3*p = -9, 6*i - 2*i - 2*p = 14. Let h(c) = -i*c - 1 - 6 + 4*c - c. What is h(r)?
-7
Let s(q) = -q - 15. Suppose -k + 5 + 1 = 0. Let z be (-64)/(-10) - 4/10. Let a = k - z. Determine s(a).
-15
Suppose -2*g - f - 15 = -22, -2*g + 10 = 2*f. Let p(t) = -4 - 4 + 7 + g*t + 5*t. What is p(3)?
20
Let p(m) = -m - 5. Let o be p(-8). Let l(j) = 2 - 3 - o*j - j + 11*j**3 + 2*j. Give l(-1).
-10
Let b(g) = -2*g - 3. 